{"id":222,"date":"2022-01-13T20:51:00","date_gmt":"2022-01-13T19:51:00","guid":{"rendered":"http:\/\/assisteogestion.com\/?page_id=222"},"modified":"2023-02-07T22:00:29","modified_gmt":"2023-02-07T21:00:29","slug":"presentation","status":"publish","type":"page","link":"https:\/\/assisteogestion.com\/","title":{"rendered":"Pr\u00e9sentation"},"content":{"rendered":"\n<p><\/p>\n\n\n\n<p><\/p>\n\n\n<div class=\"wp-block-image is-style-rounded\">\n<figure class=\"aligncenter size-medium\"><img loading=\"lazy\" decoding=\"async\" width=\"225\" height=\"300\" src=\"http:\/\/assisteogestion.com\/wp-content\/uploads\/2021\/12\/photo-225x300.jpg\" alt=\"\" class=\"wp-image-38\" srcset=\"https:\/\/assisteogestion.com\/wp-content\/uploads\/2021\/12\/photo-225x300.jpg 225w, https:\/\/assisteogestion.com\/wp-content\/uploads\/2021\/12\/photo-768x1024.jpg 768w, https:\/\/assisteogestion.com\/wp-content\/uploads\/2021\/12\/photo-1152x1536.jpg 1152w, https:\/\/assisteogestion.com\/wp-content\/uploads\/2021\/12\/photo-1536x2048.jpg 1536w, https:\/\/assisteogestion.com\/wp-content\/uploads\/2021\/12\/photo-1200x1600.jpg 1200w, https:\/\/assisteogestion.com\/wp-content\/uploads\/2021\/12\/photo-1980x2640.jpg 1980w, https:\/\/assisteogestion.com\/wp-content\/uploads\/2021\/12\/photo-scaled.jpg 1920w\" sizes=\"auto, (max-width: 225px) 100vw, 225px\" \/><\/figure>\n<\/div>\n\n\n<p><\/p>\n\n\n\n<h2 class=\"has-text-align-center wp-block-heading\" id=\"qui-suis-je\"><strong><span style=\"color:#09f5f1\" class=\"has-inline-color\">Qui suis-je ?<\/span><\/strong><\/h2>\n\n\n\n<p><\/p>\n\n\n\n<p><\/p>\n\n\n\n<p class=\"has-text-align-center\">Cindy CESSON Assistante de Direction ind\u00e9pendante et fondatrice de la soci\u00e9t\u00e9 ASSISTEO GESTION.<\/p>\n\n\n\n<p class=\"has-text-align-center\"> Forte de mes nombreuses ann\u00e9es d\u2019exp\u00e9riences dans le domaine de l\u2019assistanat et du commerce, je mets mes comp\u00e9tences au service des dirigeants afin de vous accompagner dans votre gestion quotidienne, que vous soyez artisans, ind\u00e9pendants, g\u00e9rants de         TPE \/ PME, Experts Comptables, Notaires ou Avocats.<\/p>\n\n\n\n<p class=\"has-text-align-center\"> Dans le monde du travail depuis l\u2019\u00e2ge de 16 ans j&rsquo;ai commenc\u00e9 par assister des chefs d\u2019entreprises dans le secteur immobilier, en gestion de biens priv\u00e9s, dans le transport de marchandises et location de mat\u00e9riel de BTP ainsi que dans la vente de pr\u00eat-\u00e0-porter ou encore en d\u00e9coration d\u2019int\u00e9rieur, ce qui m&rsquo;a permis d&rsquo;acqu\u00e9rir une tr\u00e8s grande polyvalence ainsi qu&rsquo;une belle facilit\u00e9 d&rsquo;adaptation.<\/p>\n\n\n\n<p class=\"has-text-align-center\">Mon m\u00e9tier me passionne par la mixit\u00e9 des missions et des univers mais aussi pour le contact humain avant tout !<\/p>\n\n\n\n<p class=\"has-text-align-center\">De nature proactive, assidue, organis\u00e9e et curieuse, la satisfaction de mes clients est ma priorit\u00e9.<\/p>\n\n\n\n<p class=\"has-text-align-center\"> C&rsquo;est pourquoi je vous propose des prestations sur mesure adapt\u00e9es \u00e0 vos besoins.<\/p>\n\n\n\n<p class=\"has-text-align-center\">Au plaisir de collaborer avec vous !<\/p>\n","protected":false},"excerpt":{"rendered":"<p>Qui suis-je ? Cindy CESSON Assistante de Direction ind\u00e9pendante et fondatrice de la soci\u00e9t\u00e9 ASSISTEO GESTION. Forte de mes nombreuses ann\u00e9es d\u2019exp\u00e9riences dans le domaine de l\u2019assistanat et du commerce, je mets mes comp\u00e9tences au service des dirigeants afin de vous accompagner dans votre gestion quotidienne, que vous soyez artisans, ind\u00e9pendants, g\u00e9rants de TPE \/ [&hellip;]<\/p>\n","protected":false},"author":2,"featured_media":0,"parent":0,"menu_order":0,"comment_status":"closed","ping_status":"closed","template":"","meta":{"footnotes":""},"class_list":["post-222","page","type-page","status-publish","hentry","entry"],"yoast_head":"<!-- This site is optimized with the Yoast SEO plugin v20.1 - https:\/\/yoast.com\/wordpress\/plugins\/seo\/ -->\n<title>Pr\u00e9sentation - ASSISTEO GESTION<\/title>\n<meta name=\"robots\" content=\"index, follow, max-snippet:-1, max-image-preview:large, max-video-preview:-1\" \/>\n<link rel=\"canonical\" href=\"https:\/\/assisteogestion.com\/\" \/>\n<meta property=\"og:locale\" content=\"fr_FR\" \/>\n<meta property=\"og:type\" content=\"article\" \/>\n<meta property=\"og:title\" content=\"Pr\u00e9sentation - ASSISTEO GESTION\" \/>\n<meta property=\"og:description\" content=\"Qui suis-je ? Cindy CESSON Assistante de Direction ind\u00e9pendante et fondatrice de la soci\u00e9t\u00e9 ASSISTEO GESTION. Forte de mes nombreuses ann\u00e9es d\u2019exp\u00e9riences dans le domaine de l\u2019assistanat et du commerce, je mets mes comp\u00e9tences au service des dirigeants afin de vous accompagner dans votre gestion quotidienne, que vous soyez artisans, ind\u00e9pendants, g\u00e9rants de TPE \/ [&hellip;]\" \/>\n<meta property=\"og:url\" content=\"https:\/\/assisteogestion.com\/\" \/>\n<meta property=\"og:site_name\" content=\"ASSISTEO GESTION\" \/>\n<meta property=\"article:modified_time\" content=\"2023-02-07T21:00:29+00:00\" \/>\n<meta property=\"og:image\" content=\"http:\/\/assisteogestion.com\/wp-content\/uploads\/2021\/12\/photo-225x300.jpg\" \/>\n<meta name=\"twitter:card\" content=\"summary_large_image\" \/>\n<meta name=\"twitter:label1\" content=\"Dur\u00e9e de lecture estim\u00e9e\" \/>\n\t<meta name=\"twitter:data1\" content=\"2 minutes\" \/>\n<script type=\"application\/ld+json\" class=\"yoast-schema-graph\">{\"@context\":\"https:\/\/schema.org\",\"@graph\":[{\"@type\":\"WebPage\",\"@id\":\"https:\/\/assisteogestion.com\/\",\"url\":\"https:\/\/assisteogestion.com\/\",\"name\":\"Pr\u00e9sentation - ASSISTEO GESTION\",\"isPartOf\":{\"@id\":\"https:\/\/assisteogestion.com\/#website\"},\"datePublished\":\"2022-01-13T19:51:00+00:00\",\"dateModified\":\"2023-02-07T21:00:29+00:00\",\"breadcrumb\":{\"@id\":\"https:\/\/assisteogestion.com\/#breadcrumb\"},\"inLanguage\":\"fr-FR\",\"potentialAction\":[{\"@type\":\"ReadAction\",\"target\":[\"https:\/\/assisteogestion.com\/\"]}]},{\"@type\":\"BreadcrumbList\",\"@id\":\"https:\/\/assisteogestion.com\/#breadcrumb\",\"itemListElement\":[{\"@type\":\"ListItem\",\"position\":1,\"name\":\"Accueil\",\"item\":\"https:\/\/assisteogestion.com\/\"},{\"@type\":\"ListItem\",\"position\":2,\"name\":\"Pr\u00e9sentation\"}]},{\"@type\":\"WebSite\",\"@id\":\"https:\/\/assisteogestion.com\/#website\",\"url\":\"https:\/\/assisteogestion.com\/\",\"name\":\"ASSISTEO GESTION\",\"description\":\"\",\"potentialAction\":[{\"@type\":\"SearchAction\",\"target\":{\"@type\":\"EntryPoint\",\"urlTemplate\":\"https:\/\/assisteogestion.com\/?s={search_term_string}\"},\"query-input\":\"required name=search_term_string\"}],\"inLanguage\":\"fr-FR\"}]}<\/script>\n<!-- \/ Yoast SEO plugin. -->","yoast_head_json":{"title":"Pr\u00e9sentation - ASSISTEO GESTION","robots":{"index":"index","follow":"follow","max-snippet":"max-snippet:-1","max-image-preview":"max-image-preview:large","max-video-preview":"max-video-preview:-1"},"canonical":"https:\/\/assisteogestion.com\/","og_locale":"fr_FR","og_type":"article","og_title":"Pr\u00e9sentation - ASSISTEO GESTION","og_description":"Qui suis-je ? Cindy CESSON Assistante de Direction ind\u00e9pendante et fondatrice de la soci\u00e9t\u00e9 ASSISTEO GESTION. Forte de mes nombreuses ann\u00e9es d\u2019exp\u00e9riences dans le domaine de l\u2019assistanat et du commerce, je mets mes comp\u00e9tences au service des dirigeants afin de vous accompagner dans votre gestion quotidienne, que vous soyez artisans, ind\u00e9pendants, g\u00e9rants de TPE \/ [&hellip;]","og_url":"https:\/\/assisteogestion.com\/","og_site_name":"ASSISTEO GESTION","article_modified_time":"2023-02-07T21:00:29+00:00","og_image":[{"url":"http:\/\/assisteogestion.com\/wp-content\/uploads\/2021\/12\/photo-225x300.jpg"}],"twitter_card":"summary_large_image","twitter_misc":{"Dur\u00e9e de lecture estim\u00e9e":"2 minutes"},"schema":{"@context":"https:\/\/schema.org","@graph":[{"@type":"WebPage","@id":"https:\/\/assisteogestion.com\/","url":"https:\/\/assisteogestion.com\/","name":"Pr\u00e9sentation - ASSISTEO GESTION","isPartOf":{"@id":"https:\/\/assisteogestion.com\/#website"},"datePublished":"2022-01-13T19:51:00+00:00","dateModified":"2023-02-07T21:00:29+00:00","breadcrumb":{"@id":"https:\/\/assisteogestion.com\/#breadcrumb"},"inLanguage":"fr-FR","potentialAction":[{"@type":"ReadAction","target":["https:\/\/assisteogestion.com\/"]}]},{"@type":"BreadcrumbList","@id":"https:\/\/assisteogestion.com\/#breadcrumb","itemListElement":[{"@type":"ListItem","position":1,"name":"Accueil","item":"https:\/\/assisteogestion.com\/"},{"@type":"ListItem","position":2,"name":"Pr\u00e9sentation"}]},{"@type":"WebSite","@id":"https:\/\/assisteogestion.com\/#website","url":"https:\/\/assisteogestion.com\/","name":"ASSISTEO GESTION","description":"","potentialAction":[{"@type":"SearchAction","target":{"@type":"EntryPoint","urlTemplate":"https:\/\/assisteogestion.com\/?s={search_term_string}"},"query-input":"required name=search_term_string"}],"inLanguage":"fr-FR"}]}},"_links":{"self":[{"href":"https:\/\/assisteogestion.com\/index.php?rest_route=\/wp\/v2\/pages\/222","targetHints":{"allow":["GET"]}}],"collection":[{"href":"https:\/\/assisteogestion.com\/index.php?rest_route=\/wp\/v2\/pages"}],"about":[{"href":"https:\/\/assisteogestion.com\/index.php?rest_route=\/wp\/v2\/types\/page"}],"author":[{"embeddable":true,"href":"https:\/\/assisteogestion.com\/index.php?rest_route=\/wp\/v2\/users\/2"}],"replies":[{"embeddable":true,"href":"https:\/\/assisteogestion.com\/index.php?rest_route=%2Fwp%2Fv2%2Fcomments&post=222"}],"version-history":[{"count":8,"href":"https:\/\/assisteogestion.com\/index.php?rest_route=\/wp\/v2\/pages\/222\/revisions"}],"predecessor-version":[{"id":368,"href":"https:\/\/assisteogestion.com\/index.php?rest_route=\/wp\/v2\/pages\/222\/revisions\/368"}],"wp:attachment":[{"href":"https:\/\/assisteogestion.com\/index.php?rest_route=%2Fwp%2Fv2%2Fmedia&parent=222"}],"curies":[{"name":"wp","href":"https:\/\/api.w.org\/{rel}","templated":true}]}}